53
What is the remainder when 5606454 is divided by 13?
9
Calculate the remainder when 24301 is divided by 7.
4
Calculate the remainder when 10659265 is divided by 875.
15
What is the remainder when 1604839 is divided by 1677?
1627
What is the remainder when 28025056 is divided by 822?
610
What is the remainder when 430293 is divided by 33099?
6
Calculate the remainder when 103376660 is divided by 795205.
10
Calculate the remainder when 81324690 is divided by 2339.
2338
What is the remainder when 67534 is divided by 13427?
399
What is the remainder when 3306937 is divided by 1653460?
17
What is the remainder when 1979991 is divided by 329998?
3
What is the remainder when 199949 is divided by 294?
29
Calculate the remainder when 26434825 is divided by 4983.
10
What is the remainder when 17495798 is divided by 100?
98
What is the remainder when 366780 is divided by 587?
492
What is the remainder when 811789 is divided by 162283?
374
Calculate the remainder when 24985907 is divided by 81.
80
What is the remainder when 1672416 is divided by 183?
162
What is the remainder when 281764 is divided by 93910?
34
Calculate the remainder when 57335 is divided by 1688.
1631
What is the remainder when 3863149 is divided by 66?
37
What is the remainder when 43423166 is divided by 8684618?
76
Calculate the remainder when 1801207 is divided by 900598.
11
Calculate the remainder when 749349 is divided by 960.
549
What is the remainder when 203479 is divided by 1432?
135
What is the remainder when 77634 is divided by 25370?
1524
Calculate the remainder when 208929 is divided by 69638.
15
What is the remainder when 1971987 is divided by 1000?
987
What is the remainder when 76203 is divided by 25204?
591
Calculate the remainder when 2686455 is divided by 55962.
279
Calculate the remainder when 2251431 is divided by 32.
7
Calculate the remainder when 296875 is divided by 296870.
5
What is the remainder when 17294687 is divided by 110?
47
What is the remainder when 275096 is divided by 274900?
196
What is the remainder when 5977808 is divided by 413?
46
What is the remainder when 1230180 is divided by 2180?
660
Calculate the remainder when 18866391 is divided by 152.
151
What is the remainder when 86227257 is divided by 60?
57
Calculate the remainder when 14840199 is divided by 4946720.
39
Calculate the remainder when 608028 is divided by 7222.
1380
Calculate the remainder when 239141 is divided by 23787.
1271
Calculate the remainder when 608875 is divided by 55350.
25
Calculate the remainder when 18968391 is divided by 626.
591
Calculate the remainder when 40396 is divided by 20113.
170
Calculate the remainder when 11797198 is divided by 1695.
1693
What is the remainder when 8380852 is divided by 667?
664
What is the remainder when 262944 is divided by 87568?
240
Calculate the remainder when 1893078 is divided by 1893058.
20
What is the remainder when 6674228 is divided by 2224688?
164
Calculate the remainder when 3633 is divided by 1034.
531
Calculate the remainder when 562224 is divided by 1559.
984
What is the remainder when 96361 is divided by 12026?
153
Calculate the remainder when 169952 is divided by 3221.
2460
What is the remainder when 37490 is divided by 246?
98
Calculate the remainder when 9370353 is divided by 7088.
17
Calculate the remainder when 1520964 is divided by 987.
984
Calculate the remainder when 11033936 is divided by 57.
47
Calculate the remainder when 515766496 is divided by 39.
37
Calculate the remainder when 6604547 is divided by 381.
293
What is the remainder when 1601618 is divided by 269?
261
Calculate the remainder when 499996 is divided by 499974.
22
Calculate the remainder when 111828 is divided by 1077.
897
What is the remainder when 256767 is divided by 17103?
222
What is the remainder when 196647 is divided by 413?
59
What is the remainder when 1048807 is divided by 87398?
31
Calculate the remainder when 248176498 is divided by 2028.
2026
Calculate the remainder when 221779 is divided by 1312.
51
What is the remainder when 583473 is divided by 583428?
45
What is the remainder when 1157932 is divided by 609?
223
Calculate the remainder when 29718709 is divided by 127.
74
Calculate the remainder when 65069 is divided by 59623.
5446
What is the remainder when 603356 is divided by 603176?
180
What is the remainder when 4626126 is divided by 4626123?
3
What is the remainder when 29343 is divided by 812?
111
Calculate the remainder when 1312138 is divided by 2.
0
What is the remainder when 64086 is divided by 63849?
237
What is the remainder when 75226764 is divided by 1945?
1944
Calculate the remainder when 24086590 is divided by 25.
15
Calculate the remainder when 5358219 is divided by 15.
9
What is the remainder when 48851982 is divided by 74?
68
What is the remainder when 56662 is divided by 27930?
802
What is the remainder when 1270942 is divided by 423644?
10
What is the remainder when 183713 is divided by 110?
13
What is the remainder when 6000133 is divided by 261?
4
What is the remainder when 6293981 is divided by 469?
1
What is the remainder when 702037 is divided by 116997?
55
What is the remainder when 1696703 is divided by 739?
698
Calculate the remainder when 2561840 is divided by 15912.
8
What is the remainder when 268264 is divided by 115?
84
Calculate the remainder when 56413 is divided by 14088.
61
What is the remainder when 1165149 is divided by 2?
1
Calculate the remainder when 4829567 is divided by 496.
15
Calculate the remainder when 27276393 is divided by 370.
363
What is the remainder when 8872190 is divided by 101979?
17
What is the remainder when 76811161 is divided by 26?
11
What is the remainder when 8046206 is divided by 571?
245
Calculate the remainder when 9364929 is divided by 4682461.
7
Calculate the remainder when 133371 is divided by 22217.
69
Calculate the remainder when 15124344 is divided by 98210.
4
What is the remainder when 1472043 is divided by 2767?
2766
What is the remainder when 145086 is divided by 309?
165
What is the remainder when 16641251 is divided by 154?
11
What is the remainder when 74907 is divided by 1265?
272
Calculate the remainder when 59715757 is divided by 7464462.
61
What is the remainder when 3076225 is divided by 122?
117
What is the remainder when 28765 is divided by 2898?
2683
What is the remainder when 2176479 is divided by 488?
487
Calculate the remainder when 1360798 is divided by 224.
222
What is the remainder when 410106 is divided by 81944?
386
What is the remainder when 23386364 is divided by 592?
588
Calculate the remainder when 603036 is divided by 2209.
2188
What is the remainder when 957809 is divided by 477?
470
Calculate the remainder when 424354 is divided by 489.
391
Calculate the remainder when 70380403 is divided by 502.
3
Calculate the remainder when 1544527 is divided by 2027.
1980
Calculate the remainder when 1426315219 is divided by 5116.
5115
What is the remainder when 7363594 is divided by 167353?
62
What is the remainder when 1143291 is divided by 119?
58
What is the remainder when 222231 is divided by 538?
37
What is the remainder when 3500650 is divided by 254?
22
Calculate the remainder when 57659136 is divided by 878.
876
Calculate the remainder when 1080508 is divided by 636.
580
Calculate the remainder when 335698 is divided by 113.
88
What is the remainder when 1170175974 is divided by 243?
240
Calculate the remainder when 240330 is divided by 2502.
138
What is the remainder when 4417568 is divided by 681?
602
What is the remainder when 2554839 is divided by 2653?
0
What is the remainder when 140286 is divided by 68295?
3696
What is the remainder when 22249 is divided by 3487?
1327
What is the remainder when 5008483 is divided by 89?
8
Calculate the remainder when 270456 is divided by 135218.
20
Calculate the remainder when 3860974 is divided by 50.
24
Calculate the remainder when 92981087 is divided by 552.
551
Calculate the remainder when 11654369 is divided by 1681.
1677
Calculate the remainder when 120572 is divided by 17147.
543
What is the remainder when 93315 is divided by 3307?
719
Calculate the remainder when 106358 is divided by 52492.
1374
Calculate the remainder when 2173243 is divided by 250.
243
What is the remainder when